{"id":487,"date":"2021-12-04T22:12:16","date_gmt":"2021-12-04T22:12:16","guid":{"rendered":"http:\/\/skmponz-grudziadz.pl\/?page_id=487"},"modified":"2026-03-08T19:25:24","modified_gmt":"2026-03-08T19:25:24","slug":"informacje-o-nas-2","status":"publish","type":"page","link":"https:\/\/skmponz-grudziadz.pl\/?page_id=487","title":{"rendered":"Informacje o nas"},"content":{"rendered":"<p style=\"text-align: left;\"><span style=\"text-decoration: underline; font-family: verdana, geneva, sans-serif; font-size: 14pt;\">Zarz\u0105d Ko\u0142a<\/span><\/p>\n<p style=\"text-align: left;\">&nbsp;<\/p>\n<p style=\"text-align: left;\"><span style=\"font-size: 14pt; font-family: verdana, geneva, sans-serif;\">Prezes Zarz\u0105du Ko\u0142a&nbsp; &nbsp; &nbsp; &nbsp; &nbsp; &#8211; kol. Leszek KAZNOWSKI<\/span><\/p>\n<p style=\"text-align: left;\"><span style=\"font-size: 14pt; font-family: verdana, geneva, sans-serif;\">Wiceprezes Zarz\u0105du Ko\u0142a&nbsp; &nbsp;&#8211; kol. Mariusz PEGLAU<\/span><\/p>\n<p style=\"text-align: left;\"><span style=\"font-size: 14pt; font-family: verdana, geneva, sans-serif;\">Skarbnik Ko\u0142a&nbsp; &nbsp; &nbsp; &nbsp; &nbsp; &nbsp; &nbsp; &nbsp; &nbsp; &nbsp;&#8211; kol. S\u0142awomir URLICKI<\/span><\/p>\n<p style=\"text-align: left;\"><span style=\"font-size: 14pt; font-family: verdana, geneva, sans-serif;\">Sekretarz Ko\u0142a&nbsp; &nbsp; &nbsp; &nbsp; &nbsp; &nbsp; &nbsp; &nbsp; &nbsp; &#8211; kol. Wojciech DOBROWOLSKI<\/span><\/p>\n<p style=\"text-align: left;\"><span style=\"font-size: 14pt; font-family: verdana, geneva, sans-serif;\">Cz\u0142onek Zarz\u0105du Ko\u0142a&nbsp; &nbsp; &nbsp; &nbsp; &#8211; kol. Mariusz PAW\u0141OWSKI<\/span><\/p>\n<p style=\"text-align: center;\">&nbsp;<\/p>\n<p style=\"text-align: left;\"><span style=\"text-decoration: underline; font-size: 14pt; font-family: verdana, geneva, sans-serif;\">Komisja Rewizyjna<\/span><\/p>\n<p style=\"text-align: center;\">&nbsp;<\/p>\n<p style=\"text-align: left;\"><span style=\"font-size: 14pt; font-family: verdana, geneva, sans-serif;\">Przewodnicz\u0105cy&nbsp; &nbsp; &nbsp; &nbsp; &nbsp; &#8211; kol. Tomasz PACHOLSKI<\/span><\/p>\n<p style=\"text-align: left;\"><span style=\"font-size: 14pt; font-family: verdana, geneva, sans-serif;\">Wiceprzewodnicz\u0105cy&nbsp; &nbsp;&#8211; kol. Zbigniew WOCH<\/span><\/p>\n<p style=\"text-align: left;\"><span style=\"font-size: 14pt; font-family: verdana, geneva, sans-serif;\">Sekretarz&nbsp; &nbsp; &nbsp; &nbsp; &nbsp; &nbsp; &nbsp; &nbsp; &nbsp; &#8211; kol. Krzysztof TABOR<\/span><\/p>\n<p style=\"text-align: left;\">&nbsp;<\/p>\n<p style=\"text-align: center;\"><span style=\"text-decoration: underline; font-family: verdana, geneva, sans-serif;\"><span style=\"font-size: 18pt;\">Aktualnie nasze Ko\u0142o liczy <strong>95<\/strong> weteran\u00f3w,<br \/>\noraz <strong>4<\/strong> osoby wspieraj\u0105ce.<\/span><\/span><\/p>\n<p><img loading=\"lazy\" decoding=\"async\" class=\"aligncenter\" src=\"https:\/\/encrypted-tbn0.gstatic.com\/images?q=tbn:ANd9GcS_mcC0LbkXOgt8HNiQKFC0kBerGBuEd4orHU5i1ZrWjuw13q9y&amp;s\" alt=\"Stowarzyszenie Kombatant\u00f3w Misji Pokojowych ONZ. Przeka\u017c 1,5 %\" width=\"631\" height=\"267\"><\/p>\n<table style=\"width: 97.7542%; height: 424px;\">\n<tbody>\n<tr>\n<td style=\"width: 100%;\" width=\"385\">\n<p style=\"text-align: center;\"><span style=\"text-decoration: underline; font-size: 24pt; font-family: verdana, geneva, sans-serif;\"><span style=\"color: #ff0000;\"><strong>Wspom\u00f3\u017c nas finansowo!<\/strong><\/span><\/span><\/p>\n<p style=\"text-align: center;\"><span style=\"color: #3366ff; font-size: 18pt; font-family: verdana, geneva, sans-serif;\"><strong>Stowarzyszenie<br \/>\nKombatant\u00f3w Misji Pokojowych ONZ<\/strong><\/span><\/p>\n<p style=\"text-align: center;\"><span style=\"color: #ff9900; font-size: 18pt; font-family: verdana, geneva, sans-serif;\"><strong>Organizacja Po\u017cytku Publicznego<\/strong><\/span><\/p>\n<p style=\"text-align: center;\"><span style=\"font-family: verdana, geneva, sans-serif; font-size: 14pt;\"><strong>Wspom\u00f3\u017c nasz\u0105 dzia\u0142alno\u015b\u0107<br \/>\ndokonuj\u0105c darowizny \u2013 wp\u0142aty na konto Stowarzyszenia <\/strong><\/span><\/p>\n<p style=\"text-align: center;\"><span style=\"font-size: 24pt; font-family: verdana, geneva, sans-serif;\"><strong>42 1020 1068 0000 1802 0066 2114<\/strong><\/span><\/p>\n<p style=\"text-align: center;\"><span style=\"font-size: 18pt; font-family: verdana, geneva, sans-serif;\"><strong>Al. Niepodleg\u0142o\u015bci 141, 02-570 Warszawa<\/strong><\/span><\/p>\n<p style=\"text-align: center;\"><span style=\"font-size: 18pt; font-family: verdana, geneva, sans-serif;\"><strong>Podziel si\u0119 z nami 1,5 % podatku!<\/strong><\/span><\/p>\n<p style=\"text-align: center;\"><span style=\"color: #ff0000; font-size: 24pt; font-family: verdana, geneva, sans-serif;\"><strong>KRS: 0000158391<\/strong><\/span><\/p>\n<p style=\"text-align: center;\"><span style=\"color: #ff0000; font-size: 18pt; font-family: verdana, geneva, sans-serif;\"><strong>Wp\u0142acaj\u0105c mo\u017cesz pom\u00f3c weteranom!<\/strong><\/span><\/p>\n<p style=\"text-align: center;\"><span style=\"font-size: 18pt; font-family: verdana, geneva, sans-serif;\"><strong>Cel szczeg\u00f3\u0142owy: Ko\u0142o Nr 22 w Grudzi\u0105dzu.<\/strong><\/span><\/p>\n<\/td>\n<\/tr>\n<\/tbody>\n<\/table>\n<p>&nbsp;<\/p>\n","protected":false},"excerpt":{"rendered":"<p>Zarz\u0105d Ko\u0142a &nbsp; Prezes Zarz\u0105du Ko\u0142a&nbsp; &nbsp; &nbsp; &nbsp; &nbsp; &#8211; kol. Leszek KAZNOWSKI Wiceprezes Zarz\u0105du Ko\u0142a&nbsp; &nbsp;&#8211; kol. Mariusz PEGLAU Skarbnik Ko\u0142a&nbsp; &nbsp; &nbsp; &nbsp; &nbsp; &nbsp; &nbsp; &nbsp; &nbsp; &nbsp;&#8211; kol. S\u0142awomir URLICKI Sekretarz Ko\u0142a&nbsp; &nbsp; &nbsp; &nbsp; &nbsp; &nbsp; &nbsp; &nbsp; &nbsp; &#8211; kol. Wojciech DOBROWOLSKI Cz\u0142onek Zarz\u0105du Ko\u0142a&nbsp; &nbsp; &nbsp; &nbsp; [&hellip;]<\/p>\n","protected":false},"author":1,"featured_media":0,"parent":0,"menu_order":6,"comment_status":"closed","ping_status":"open","template":"","meta":{"_acf_changed":false,"om_disable_all_campaigns":false,"_monsterinsights_skip_tracking":false,"_monsterinsights_sitenote_active":false,"_monsterinsights_sitenote_note":"","_monsterinsights_sitenote_category":0,"ngg_post_thumbnail":0,"footnotes":""},"class_list":["post-487","page","type-page","status-publish","hentry"],"acf":[],"aioseo_notices":[],"_links":{"self":[{"href":"https:\/\/skmponz-grudziadz.pl\/index.php?rest_route=\/wp\/v2\/pages\/487","targetHints":{"allow":["GET"]}}],"collection":[{"href":"https:\/\/skmponz-grudziadz.pl\/index.php?rest_route=\/wp\/v2\/pages"}],"about":[{"href":"https:\/\/skmponz-grudziadz.pl\/index.php?rest_route=\/wp\/v2\/types\/page"}],"author":[{"embeddable":true,"href":"https:\/\/skmponz-grudziadz.pl\/index.php?rest_route=\/wp\/v2\/users\/1"}],"replies":[{"embeddable":true,"href":"https:\/\/skmponz-grudziadz.pl\/index.php?rest_route=%2Fwp%2Fv2%2Fcomments&post=487"}],"version-history":[{"count":57,"href":"https:\/\/skmponz-grudziadz.pl\/index.php?rest_route=\/wp\/v2\/pages\/487\/revisions"}],"predecessor-version":[{"id":43901,"href":"https:\/\/skmponz-grudziadz.pl\/index.php?rest_route=\/wp\/v2\/pages\/487\/revisions\/43901"}],"wp:attachment":[{"href":"https:\/\/skmponz-grudziadz.pl\/index.php?rest_route=%2Fwp%2Fv2%2Fmedia&parent=487"}],"curies":[{"name":"wp","href":"https:\/\/api.w.org\/{rel}","templated":true}]}}